{"id":97,"date":"2022-02-08T14:50:39","date_gmt":"2022-02-08T14:50:39","guid":{"rendered":"https:\/\/consus.ro\/?page_id=97"},"modified":"2022-02-08T18:12:32","modified_gmt":"2022-02-08T18:12:32","slug":"politica-cookies","status":"publish","type":"page","link":"https:\/\/consus.ro\/index.php\/politica-cookies\/","title":{"rendered":"Politica cookies"},"content":{"rendered":"\n<p><strong>INTRODUCERE<\/strong><\/p>\n\n\n\n<p>Website-ul www.consus.ro (\u201eWebsite-ul\u201d) utilizeaz\u0103 cookie-uri. Informa\u021biile prezentate mai jos urm\u0103resc s\u0103 ofere utilizatorilor Website-ului mai multe informa\u021bii despre plasarea, utilizarea \u0219i gestionarea cookie-urilor utilizate de Website-ul www.consus.ro<\/p>\n\n\n\n<p>Website-ul utilizeaz\u0103 cookie-uri pentru a oferi vizitatorilor o experien\u021b\u0103 mai bun\u0103 atunci c\u00e2nd navigheaz\u0103 pe Website, precum \u0219i pentru a oferi servicii adaptate nevoilor \u0219i intereselor vizitatorilor. Cookie-urile ofer\u0103 de\u021bin\u0103torului Website-ului un feedback important privind modul \u00een care vizitatorii navigheaz\u0103 pe Website, astfel \u00eenc\u00e2t acest Website s\u0103 fie mai eficient \u0219i mai accesibil.<\/p>\n\n\n\n<p><strong>POLITICA DE UTILIZARE A COOKIE-URILOR<\/strong><\/p>\n\n\n\n<p>Aceast\u0103 politic\u0103 se refer\u0103 la cookie-urile \u015fi pagina web operate de c\u0103tre Consus Accounting SRL.<\/p>\n\n\n\n<p><strong>CE ESTE UN COOKIE?<\/strong><\/p>\n\n\n\n<p>Cookie-ul este un fi\u0219ier de mici dimensiuni, format din litere \u015fi numere, care va fi stocat pe computer-ul, dispozitivul, terminalul mobil sau alte echipamente ale unui utilizator de pe care se acceseaz\u0103 internetul. Cookie-ul este instalat prin solicitarea emis\u0103 de c\u0103tre un web-server unui browser (de ex: Internet Explorer, Chrome) \u015fi este complet \u201epasiv\u201d. Cookie-ul nu con\u021bine programe software, viru\u0219i sau spyware \u015fi nu poate accesa informa\u021biile de pe hard driver-ul utilizatorului.<\/p>\n\n\n\n<p>Cookie-urile \u00een sine nu solicit\u0103 date personale pentru a fi utilizate \u0219i, \u00een majoritatea cazurilor, nu identific\u0103 utilizatorii de internet.<\/p>\n\n\n\n<p>Exist\u0103 dou\u0103 categorii principale de cookie-uri. Cookie-urile de sesiune sunt create temporar \u00een subfolder-ul browser-ului utilizatorului \u00een timp ce viziteaz\u0103 Website-ul. Dup\u0103 ce utilizatorul p\u0103r\u0103se\u015fte Website-ul, cookie-ul de sesiune este \u0219ters. Cookie-urile persistente r\u0103m\u00e2n \u00een subfolder-ul browser-ului utilizatorului \u0219i sunt activate din nou, odat\u0103 ce utilizatorul viziteaz\u0103 Website-ul. Un cookie persistent r\u0103m\u00e2ne \u00een subfolder-ul browser-ului pentru perioada setat\u0103 \u00een fi\u0219ierul cookie-ului.<\/p>\n\n\n\n<p><strong>DURATA DE VIA\u021a\u0102 A UNUI COOKIE<\/strong><\/p>\n\n\n\n<p>Durata de via\u021b\u0103 a unui modul cookie poate varia \u00een mod semnificativ, \u00een func\u021bie de scopul pentru care este plasat. Dup\u0103 cum este men\u021bionat mai sus, unele cookie-uri sunt folosite exclusiv pentru o singur\u0103 sesiune (cookie-uri de sesiune) \u0219i nu sunt p\u0103strate dup\u0103 ce utilizatorul p\u0103r\u0103se\u0219te Website-ul, \u00een timp ce alte cookie-uri sunt p\u0103strate \u0219i reutilizate de fiecare dat\u0103 c\u00e2nd utilizatorul revine pe Website (cookie-uri persistente). Cu toate acestea, modulele cookie pot fi \u0219terse de un utilizator \u00een orice moment prin set\u0103rile browser-ului.<\/p>\n\n\n\n<p><strong>COOKIE-URILE TER\u021aILOR<\/strong><\/p>\n\n\n\n<p>Con\u021binuturile de pe Website pot fi furnizate prin intermediul unor ter\u021be p\u0103r\u021bi sau furnizori (de ex., un videoclip). Astfel de ter\u021be p\u0103r\u021bi pot plasa cookie-uri pe Website (numite \u201ecookie-uri ale ter\u021bilor\u201d, deoarece acestea nu sunt plasate de c\u0103tre Consus Accounting SRL. Furnizorii ter\u021bi trebuie, de asemenea, s\u0103 respecte reglement\u0103rile legale \u00een vigoare \u0219i Politica de confiden\u021bialitate a Consus Accounting SRL.<\/p>\n\n\n\n<p><strong>ADAPTA\u021aI SET\u0102RILE BROWSER-ULUI LA COOKIE-URI<\/strong><\/p>\n\n\n\n<p>Dac\u0103 vizitatorul Website-ului este singura persoan\u0103 care utilizeaz\u0103 dispozitivul, poate stabili termene lungi de expirare pentru istoricul navig\u0103rii web. Dac\u0103 folose\u015fte dispozitivul \u00eempreun\u0103 cu altcineva, se recomand\u0103 setarea browser-ului s\u0103 \u0219tearg\u0103 datele de navigare de fiecare dat\u0103 c\u00e2nd se \u00eenchide browser-ul.<\/p>\n\n\n\n<p><strong>\u015eTERGEREA COOKIE-URILOR<\/strong><\/p>\n\n\n\n<p>\u00cen general, o aplica\u021bie folosit\u0103 pentru accesarea paginilor web permite salvarea cookie-urilor pe dispozitiv \u00een mod implicit. Aceste set\u0103ri pot fi schimbate \u00een a\u0219a fel \u00eenc\u00e2t administrarea automat\u0103 a cookie-urilor s\u0103 fie blocat\u0103 de browser-ul web sau utilizatorul s\u0103 fie informat de fiecare dat\u0103 c\u00e2nd cookie-uri sunt trimise c\u0103tre dispozitivul s\u0103u.<\/p>\n\n\n\n<p>Informa\u021bii detaliate despre posibilit\u0103\u021bile \u015fi modurile de administrare a cookie-urilor pot fi g\u0103site \u00een zona de set\u0103ri a aplica\u021biei sau a browser-ului. Limitarea folosirii cookie-urilor poate afecta anumite func\u021bionalit\u0103\u021bi ale Website-ului.<\/p>\n","protected":false},"excerpt":{"rendered":"<p>INTRODUCERE Website-ul www.consus.ro (\u201eWebsite-ul\u201d) utilizeaz\u0103 cookie-uri. Informa\u021biile prezentate mai jos urm\u0103resc s\u0103 ofere utilizatorilor Website-ului mai multe informa\u021bii despre plasarea, utilizarea \u0219i gestionarea cookie-urilor utilizate de Website-ul www.consus.ro Website-ul utilizeaz\u0103 cookie-uri pentru a oferi vizitatorilor o experien\u021b\u0103 mai bun\u0103 atunci c\u00e2nd navigheaz\u0103 pe Website, precum \u0219i pentru a oferi servicii adaptate nevoilor \u0219i intereselor vizitatorilor. [&hellip;]<\/p>\n","protected":false},"author":1,"featured_media":0,"parent":0,"menu_order":0,"comment_status":"closed","ping_status":"closed","template":"","meta":{"footnotes":""},"_links":{"self":[{"href":"https:\/\/consus.ro\/index.php\/wp-json\/wp\/v2\/pages\/97"}],"collection":[{"href":"https:\/\/consus.ro\/index.php\/wp-json\/wp\/v2\/pages"}],"about":[{"href":"https:\/\/consus.ro\/index.php\/wp-json\/wp\/v2\/types\/page"}],"author":[{"embeddable":true,"href":"https:\/\/consus.ro\/index.php\/wp-json\/wp\/v2\/users\/1"}],"replies":[{"embeddable":true,"href":"https:\/\/consus.ro\/index.php\/wp-json\/wp\/v2\/comments?post=97"}],"version-history":[{"count":3,"href":"https:\/\/consus.ro\/index.php\/wp-json\/wp\/v2\/pages\/97\/revisions"}],"predecessor-version":[{"id":162,"href":"https:\/\/consus.ro\/index.php\/wp-json\/wp\/v2\/pages\/97\/revisions\/162"}],"wp:attachment":[{"href":"https:\/\/consus.ro\/index.php\/wp-json\/wp\/v2\/media?parent=97"}],"curies":[{"name":"wp","href":"https:\/\/api.w.org\/{rel}","templated":true}]}}